 highest common factor of 144 and 108.
36
Calculate the greatest common factor of 229 and 1832.
229
Calculate the greatest common divisor of 14 and 574.
14
Calculate the greatest common divisor of 1 and 11.
1
What is the greatest common factor of 28 and 189?
7
Calculate the greatest common divisor of 44 and 4.
4
What is the greatest common divisor of 1809 and 335?
67
Calculate the greatest common factor of 2583 and 9.
9
Calculate the highest common divisor of 35 and 130.
5
What is the highest common divisor of 144 and 40?
8
Calculate the greatest common divisor of 657 and 2044.
73
Calculate the highest common factor of 120 and 3480.
120
Calculate the greatest common divisor of 21 and 5047.
7
Calculate the greatest common factor of 79 and 1027.
79
What is the highest common factor of 248 and 6?
2
What is the highest common divisor of 65 and 26?
13
What is the greatest common factor of 154 and 22374?
22
Calculate the highest common factor of 60 and 540.
60
Calculate the greatest common divisor of 208 and 26.
26
What is the highest common factor of 12709 and 213?
71
What is the greatest common divisor of 456 and 3696?
24
Calculate the highest common divisor of 10293 and 1128.
141
What is the highest common divisor of 13678 and 14?
14
Calculate the highest common factor of 540 and 12780.
180
Calculate the greatest common factor of 510 and 10.
10
What is the greatest common divisor of 1656 and 216?
72
Calculate the greatest common divisor of 2975 and 875.
175
Calculate the greatest common factor of 2185 and 38.
19
Calculate the highest common divisor of 88 and 1188.
44
What is the highest common factor of 215 and 903?
43
What is the highest common factor of 16268 and 196?
196
Calculate the greatest common divisor of 174 and 21170.
58
What is the greatest common factor of 102 and 697?
17
Calculate the greatest common factor of 12 and 364.
4
Calculate the highest common divisor of 99 and 2805.
33
What is the highest common factor of 4 and 1492?
4
What is the highest common factor of 2520 and 12?
12
What is the highest common factor of 928 and 24?
8
What is the greatest common divisor of 2 and 82?
2
Calculate the highest common divisor of 204 and 12.
12
What is the greatest common factor of 124 and 217?
31
Calculate the highest common divisor of 272 and 510.
34
What is the highest common divisor of 21 and 2968?
7
What is the highest common divisor of 62 and 142?
2
Calculate the highest common divisor of 25 and 35.
5
Calculate the highest common divisor of 12 and 5774.
2
Calculate the highest common divisor of 948 and 36.
12
Calculate the highest common divisor of 3 and 16.
1
What is the highest common factor of 285 and 15?
15
Calculate the greatest common divisor of 6953 and 51.
17
What is the highest common factor of 783 and 54?
27
What is the highest common divisor of 4756 and 116?
116
Calculate the highest common factor of 2720 and 952.
136
Calculate the highest common divisor of 255 and 816.
51
Calculate the greatest common factor of 84 and 1057.
7
What is the highest common factor of 144 and 9?
9
What is the highest common factor of 36 and 18?
18
What is the greatest common divisor of 4 and 522?
2
Calculate the highest common factor of 284 and 2627.
71
Calculate the greatest common factor of 1816 and 16.
8
Calculate the highest common divisor of 6 and 1626.
6
What is the highest common divisor of 4851 and 297?
99
Calculate the highest common factor of 52 and 871.
13
What is the highest common divisor of 29054 and 146?
146
Calculate the highest common divisor of 8 and 152.
8
What is the highest common divisor of 3 and 1?
1
Calculate the greatest common divisor of 610 and 70.
10
Calculate the highest common factor of 352 and 11.
11
Calculate the greatest common divisor of 483 and 189.
21
What is the highest common factor of 221 and 374?
17
Calculate the greatest common divisor of 30 and 7845.
15
What is the greatest common factor of 18 and 7974?
18
What is the highest common divisor of 621 and 387?
9
What is the greatest common divisor of 15 and 5?
5
Calculate the greatest common factor of 488 and 104.
8
What is the greatest common divisor of 10 and 170?
10
What is the greatest common factor of 8907 and 3?
3
Calculate the greatest common factor of 14 and 11.
1
Calculate the highest common divisor of 666 and 777.
111
Calculate the highest common divisor of 32 and 248.
8
What is the greatest common divisor of 357 and 1904?
119
Calculate the greatest common factor of 84 and 1022.
14
Calculate the highest common divisor of 79 and 3713.
79
What is the greatest common divisor of 209 and 22?
11
What is the highest common divisor of 6494 and 17?
17
What is the highest common divisor of 748 and 17?
17
Calculate the greatest common factor of 20 and 530.
10
Calculate the greatest common factor of 5665 and 220.
55
Calculate the highest common factor of 32 and 88.
8
What is the highest common factor of 7 and 14?
7
Calculate the greatest common divisor of 48 and 36.
12
Calculate the highest common divisor of 24 and 712.
8
What is the greatest common factor of 6536 and 209?
19
What is the greatest common divisor of 24 and 1112?
8
What is the highest common divisor of 5810 and 210?
70
Calculate the highest common factor of 329 and 47.
47
What is the highest common factor of 40 and 380?
20
What is the highest common factor of 31 and 3007?
31
What is the highest common divisor of 10 and 10?
10
Calculate the highest common divisor of 144 and 4.
4
What is the highest common factor of 50 and 60?
10
What is the greatest common divisor of 2884 and 112?
28
Calculate the greatest common divisor of 488 and 32.
8
Calculate the greatest common factor of 91 and 169.
13
Calculate the greatest common factor of 130 and 338.
26
Calculate the highest common factor of 5561 and 332.
83
Calculate the greatest common divisor of 600 and 192.
24
What is the greatest common factor of 442 and 26?
26
Calculate the greatest common divisor of 10 and 810.
10
Calculate the greatest common factor of 50 and 38.
2
What is the highest common factor of 72 and 15?
3
Calculate the highest common factor of 13 and 13.
13
Calculate the greatest common factor of 307 and 61093.
307
Calculate the greatest common divisor of 159 and 3.
3
Calculate the highest common factor of 11041 and 181.
181
Calculate the highest common factor of 105 and 84.
21
What is the greatest common divisor of 27 and 23463?
27
What is the greatest common factor of 21 and 1407?
21
Calculate the greatest common factor of 36 and 387.
9
Calculate the highest common divisor of 14 and 32.
2
What is the greatest common factor of 11 and 6611?
11
What is the highest common divisor of 43306 and 118?
118
What is the highest common factor of 559 and 4300?
43
What is the highest common divisor of 413 and 21?
7
What is the highest common divisor of 256 and 400?
16
Calculate the greatest common divisor of 25 and 35.
5
Calculate the greatest common factor of 640 and 5920.
160
What is the highest common divisor of 21 and 1995?
21
What is the greatest common divisor of 3 and 813?
3
Calculate the highest common factor of 32 and 3936.
32
What is the greatest common factor of 532 and 57?
19
What is the highest common factor of 260 and 18330?
130
What is the highest common divisor of 144 and 1104?
48
Calculate the greatest common factor of 36 and 126.
18
What is the greatest common divisor of 2814 and 42?
42
Calculate the greatest common divisor of 172 and 4.
4
What is the highest common factor of 2567 and 153?
17
Calculate the greatest common factor of 6575 and 75.
25
What is the highest common divisor of 42233 and 157?
157
What is the greatest common divisor of 11 and 1595?
11
Calculate the highest common factor of 3762 and 198.
198
What is the highest common factor of 2119 and 26?
13
Calculate the greatest common divisor of 594 and 18.
18
What is the greatest common divisor of 41 and 9?
1
Calculate the greatest common divisor of 20 and 520.
20
Calculate the greatest common divisor of 37 and 6031.
37
Calculate the highest common divisor of 1245 and 6.
3
What is the highest common factor of 1742 and 670?
134
Calculate the highest common divisor of 230 and 61870.
230
What is the highest common factor of 117 and 6?
3
What is the highest common factor 